 the remainder when k(-37) is divided by o.
4
Suppose 0 = 3*m - 5*y - 3245, 2*y + 4350 = 47*m - 43*m. What is the remainder when m is divided by 220?
210
Let l(g) = -6*g. Let u be (-1734)/(-9) + (-12)/18. Suppose 8*p + 4*p = u. Calculate the remainder when p is divided by l(-1).
4
Suppose 0 = 915*q - 908*q - 21. Let w(i) = i**2 - 7*i + 6. Let k be w(6). Suppose 75 = -k*s + q*s. What is the remainder when 48 is divided by s?
23
Let o(p) = 2*p**2 + 3*p + 2. Let h be o(-1). Let z(w) = 4*w + 5. Let u be z(h). Calculate the remainder when u/(-12) + (-489)/(-12) is divided by 21.
19
Suppose -2*g - 96 = -4*y + 248, -y + 3*g + 91 = 0. Let f be 30/9*12/(-8). Let s(l) = l**3 + 7*l**2 + 10*l + 29. What is the remainder when y is divided by s(f)?
27
Calculate the remainder when 4 + -7 + (-2513)/(-6 + -1) is divided by (3 - (-96)/7) + (-4)/(-14).
16
Let n = 50 + -42. Suppose n*f - 16 = 16. Suppose 2*m - r - 100 = 0, -f*r = r. Calculate the remainder when m is divided by 17.
16
Let p be 2006/(-204) + 5/6. Calculate the remainder when 58 is divided by (-7)/(-2)*(p + 891/77).
4
Let n(g) = 4*g**2 - g - 1. Let z be (-15 - -5) + 7 + 13. Let a(c) = c**3 - 14*c**2 + 41*c - 4. Calculate the remainder when a(z) is divided by n(-1).
2
Suppose -201*k + 19420 = -15672 + 6952. Calculate the remainder when k is divided by 5.
0
Let k = 355 + -198. Let a be 27/12 - (-5)/(-20). Suppose -23 = -a*b + 57. Calculate the remainder when k is divided by b.
37
Let y(m) be the first derivative of -129*m**2/2 + 9*m - 4. Let v be y(-6). Suppose -12*u + v = -3*u. Calculate the remainder when u is divided by 30.
27
Let x(c) = -19*c - 104. Let g be x(-2). Calculate the remainder when 180 is divided by 140/(-40)*g/21.
4
Suppose -5*r = 31*r - 3943 - 737. Calculate the remainder when r is divided by 42.
4
Let n(f) = 2*f - 8. Let q be n(6). Suppose -5*c = -4*g + 11, -5*c + 23 = 2*g + 10. What is the remainder when q*2/20*5 is divided by c?
0
Let p = 252 + -148. Suppose -5*z + 2*j - 1201 = 0, -3*j + 188 = 3*z + 896. Let v = z - -274. What is the remainder when p is divided by v?
34
Let m(d) = d**2. Suppose -6615 + 26277 = 113*s. Calculate the remainder when s is divided by m(5).
24
Let t be (-2)/(-10)*(-1710)/(-38). Suppose t*f + 178 - 790 = 0. Calculate the remainder when 267 is divided by f.
63
Suppose 21*a - 20*a + 3*d - 30 = 0, 2*a = 4*d + 60. What is the remainder when 1019 is divided by a?
29
What is the remainder when -1*-30*(-276)/(-96)*120 is divided by 87?
84
Suppose -1296 + 336 = -32*i. Calculate the remainder when i is divided by 23.
7
Suppose -4724*m + 3936 = -4712*m. Calculate the remainder when m is divided by 60.
28
Suppose 4*y - 1 = 5*n, -4*y - 3 = n - 22. Suppose -2*b + y*b + 290 = 0. Let h = 227 + b. Calculate the remainder when h is divided by 42.
40
Suppose 0 = -4*q + 100 + 132. Let h(l) = 21*l + 70. Calculate the remainder when h(2) is divided by q.
54
Let r(n) = -n**3 - 16*n**2 - 16*n - 43. Let y be r(-18). Suppose -19*w + 0 = -y. What is the remainder when 81 is divided by w?
34
Suppose -1423 = 28*k - 33*k - t, -4 = 2*t. What is the remainder when 298 is divided by k?
13
Let c be -5 + 3 - (4 + -2 - -1). Let q(k) = k**2 - k. What is the remainder when 298 is divided by q(c)?
28
Suppose 14*z + 13*z - 334 = 719. What is the remainder when 192 is divided by z?
36
Let s be ((272/12)/4 + 3)*15. Suppose l = c + 68, 2*l + 6*c - s = 5*c. Let v = 96 - l. Calculate the remainder when 87 is divided by v.
27
Let h(i) = -14*i**3 - 14 - 8*i + 11*i**3 + 11*i**2 + 2*i**3. Let a be h(10). Suppose a*c = 5*c + 38. Calculate the remainder when c is divided by 10.
8
Let z(n) = 240*n - 1. What is the remainder when z(1) is divided by 10/(-15) - 1092/(-18)?
59
Suppose 0 = -2*g + 2, 0 = 3*c - 4*g + 41 - 103. Suppose 0 = -2*n + 3*y - 8*y + 87, 0 = 4*n + 2*y - 150. What is the remainder when (c/6)/(4/n) is divided by 7?
5
Suppose 70*s + 323 = 73*s - 4*n, 3*n = -3*s + 309. Calculate the remainder when 1041 is divided by s.
96
Let r(u) = 16*u**2 + 3*u - 8. Let h be r(-4). Suppose 53*x = 49*x + h. What is the remainder when x is divided by 13?
7
Let l = 55 + -11. Let t = 112 - 107. Suppose t*f = -12*f + 272. What is the remainder when l is divided by f?
12
Suppose 155 = 5*q + 3*r, r = -2*q + 17 + 44. What is the remainder when 781 is divided by q?
25
Suppose 125*b = 79*b + 644. What is the remainder when 1816 is divided by b?
10
Let s = 16 - -6. Let u(f) = -5*f**3 - 10*f**2 - 7*f - 9. Let g(m) = m**3. Let l(c) = -4*g(c) - u(c). What is the remainder when l(-7) is divided by s?
19
Suppose -2*m - 1970 = -7*m. Suppose m = -2*r - 3*l, 0*l - 414 = 2*r - 2*l. Let y = r - -303. Calculate the remainder when y is divided by 17.
15
Suppose 40*k = 152 + 808. Suppose 2*d - k = -12. Calculate the remainder when 26 is divided by d.
2
Let y(c) = c**2 - 2*c**2 - 131*c + 116*c - 42. Calculate the remainder when y(-8) is divided by 10.
4
Suppose 0 = -4*l + 75*l - 11005. Calculate the remainder when 308 is divided by l.
153
Let q(w) = -w**3 + 2*w + 4. Let l be q(-5). Let z = 125 - l. What is the remainder when 131 is divided by z?
5
Let o(t) = 2*t**3 + 44*t**2 + 145. What is the remainder when o(-22) is divided by 14?
5
Suppose 0 = 3*r + 24 - 78. Let c = -64 + 64. Suppose 11*v - 9*v = z - 14, c = 2*z - 5*v - 33. Calculate the remainder when r is divided by z.
2
Let n(p) = p + 31. Let c be n(-9). Let v = -19 + c. Suppose -95*t = -73 - 22. Calculate the remainder when v is divided by t.
0
Let n(l) = l**2 + l - 2. Let k be n(-3). Suppose k*z + z = 155. Suppose x + 2310 = 2400. What is the remainder when x is divided by z?
28
Let o be ((-4)/2)/(-2*(-5)/20). Let l be ((-2)/(-4)*4 - 2) + o. Calculate the remainder when 0 + (l - -92) - 2 is divided by 11.
9
Suppose -135*i + 157*i = 2948. Let b = -32 - -49. Calculate the remainder when i is divided by b.
15
Let q be 2/(-3)*(16 + -19). Let o be 7/3 + q/3. Suppose -20 = -5*u, 0 = -z - 2*z - o*u + 84. Calculate the remainder when 43 is divided by z.
19
Let g = -8 + 13. Suppose -g*o - 34 = -z, 56 = -2*z + 4*z - 4*o. Suppose -1 = 4*a - 61. What is the remainder when z is divided by a?
9
Let f(i) = -i**3 - 9*i**2 - 11*i - 2. Let s be 12/15*(-4 + 28/(-8)). Calculate the remainder when (((-18)/(-3))/2)/(s/(-130)) is divided by f(-8).
21
Let o(h) = 88*h - 1003. What is the remainder when o(14) is divided by 46?
45
Suppose -5*c + 148 - 25 = 4*j, 123 = 4*c - 5*j. Let x be (144/(-84))/(6/(-21) - 0). Calculate the remainder when c is divided by (-2)/x*6/(-2) + 14.
12
Let v(t) = t**2 + 22*t + 86. Let a = 207 - 227. Calculate the remainder when 227 is divided by v(a).
43
Suppose -6*v = 3*w - 10*v - 28, 4*w + 4*v = 0. Suppose 0 = -5*r + 2*z + 58, -w*r + 2*z = 7*z - 20. Calculate the remainder when 179 is divided by r.
9
Let o(j) = 7*j**2 + 11*j - 51. Suppose -5*s - 5*v + 65 = -15, -5*s - v + 88 = 0. Calculate the remainder when o(6) is divided by s.
15
Suppose -121*v = -57*v - 87*v + 29233. Calculate the remainder when v is divided by 58.
53
Let p(w) = -w - 11. Let n be p(12). Let t = n - -31. Let l = 52 - 13. What is the remainder when l is divided by t?
7
Suppose -175*k = -260*k + 192440. Calculate the remainder when k is divided by 28.
24
Suppose 6051 - 31341 = 4*o - 49*o. Calculate the remainder when o is divided by 12.
10
Let y = 21593 + -19785. What is the remainder when y is divided by 10?
8
Let i(u) = -u**3 + 70*u**2 - 263*u + 155. Calculate the remainder when i(66) is divided by 71.
8
Let i(g) = g**2 - 88*g + 647. What is the remainder when 164 is divided by i(8)?
3
Let f(x) = -x**3 - 16*x**2 + 18*x + 31. Let b be f(-15). Let q be 3*(4 + b/(-6)). Suppose -q = -0*w - 2*w. What is the remainder when w is divided by 42?
38
Let l = -1619 - -683. Calculate the remainder when 64 is divided by (3/(13 - 1))/((-18)/l).
12
Let w = -12087 - -14931. What is the remainder when w is divided by 1417?
10
Let o = -2 + 16. Let z be (3 + 0)*70/6. Suppose -l + 2 = -z. Calculate the remainder when l is divided by o.
9
Suppose 3*k = 53*k + 9*k - 5841. What is the remainder when 6427 is divided by k?
91
What is the remainder when 14/(350/3875) - 10 is divided by (-2)/(-7) + 696/14?
45
What is the remainder when 6605 is divided by (16/30*(-9)/(-6))/((-6)/(-135))?
17
Suppose -20 = -2*h + 18. Let b = -